{"id":4400,"date":"2019-09-22T13:50:05","date_gmt":"2019-09-22T13:50:05","guid":{"rendered":"https:\/\/fchnevotin.cz\/?page_id=4400"},"modified":"2025-04-30T06:00:29","modified_gmt":"2025-04-30T06:00:29","slug":"hnevotinsky-hrnec-2019-aktualni-konecne-umisteni","status":"publish","type":"page","link":"https:\/\/fchnevotin.cz\/?page_id=4400","title":{"rendered":"Hn\u011bvot\u00ednsk\u00fd hrnec 2019 &#8211; aktu\u00e1ln\u00ed kone\u010dn\u00e9 um\u00edst\u011bn\u00ed"},"content":{"rendered":"<p><a href=\"https:\/\/fchnevotin.cz\/wp-content\/uploads\/2019\/09\/HH-2019-v\u00fdsledky-v-pavouku-k-25.9.-1.png\"><img loading=\"lazy\" decoding=\"async\" class=\"wp-image-4410 size-large aligncenter\" src=\"https:\/\/fchnevotin.cz\/wp-content\/uploads\/2019\/09\/HH-2019-v\u00fdsledky-v-pavouku-k-25.9.-1-1024x724.png\" alt=\"\" width=\"960\" height=\"679\" srcset=\"https:\/\/fchnevotin.cz\/wp-content\/uploads\/2019\/09\/HH-2019-v\u00fdsledky-v-pavouku-k-25.9.-1-1024x724.png 1024w, https:\/\/fchnevotin.cz\/wp-content\/uploads\/2019\/09\/HH-2019-v\u00fdsledky-v-pavouku-k-25.9.-1-300x212.png 300w, https:\/\/fchnevotin.cz\/wp-content\/uploads\/2019\/09\/HH-2019-v\u00fdsledky-v-pavouku-k-25.9.-1-768x543.png 768w\" sizes=\"auto, (max-width: 960px) 100vw, 960px\" \/><\/a><\/p>\n","protected":false},"excerpt":{"rendered":"","protected":false},"author":2,"featured_media":0,"parent":0,"menu_order":0,"comment_status":"closed","ping_status":"closed","template":"","meta":{"_mo_disable_npp":"","footnotes":""},"class_list":["post-4400","page","type-page","status-publish","hentry"],"_links":{"self":[{"href":"https:\/\/fchnevotin.cz\/index.php?rest_route=\/wp\/v2\/pages\/4400","targetHints":{"allow":["GET"]}}],"collection":[{"href":"https:\/\/fchnevotin.cz\/index.php?rest_route=\/wp\/v2\/pages"}],"about":[{"href":"https:\/\/fchnevotin.cz\/index.php?rest_route=\/wp\/v2\/types\/page"}],"author":[{"embeddable":true,"href":"https:\/\/fchnevotin.cz\/index.php?rest_route=\/wp\/v2\/users\/2"}],"replies":[{"embeddable":true,"href":"https:\/\/fchnevotin.cz\/index.php?rest_route=%2Fwp%2Fv2%2Fcomments&post=4400"}],"version-history":[{"count":4,"href":"https:\/\/fchnevotin.cz\/index.php?rest_route=\/wp\/v2\/pages\/4400\/revisions"}],"predecessor-version":[{"id":5991,"href":"https:\/\/fchnevotin.cz\/index.php?rest_route=\/wp\/v2\/pages\/4400\/revisions\/5991"}],"wp:attachment":[{"href":"https:\/\/fchnevotin.cz\/index.php?rest_route=%2Fwp%2Fv2%2Fmedia&parent=4400"}],"curies":[{"name":"wp","href":"https:\/\/api.w.org\/{rel}","templated":true}]}}